- 14/l. Let s(t) = -t**2 + 2*t - 1. Calculate s(a).
-4
Let d(c) = c + 8. Let r(h) = -h**2 - 19*h + 36. Let i be r(-21). Give d(i).
2
Let w = -126 + 132. Let x(j) be the third derivative of 0 + 0*j - 1/4*j**4 - 1/12*j**5 - 6*j**2 - 5/6*j**3 - 1/120*j**w. What is x(-4)?
3
Let v(r) = r**2 - 126*r + 1048. Let l be v(117). Let a(w) = -3 + 1 + 3 + w. What is a(l)?
-4
Let k(t) = 7*t + 6. Let i = 12 + -7. Let y(h) = -8*h - 7. Let s(c) = i*k(c) + 4*y(c). Let l = -5 - -7. What is s(l)?
8
Let c(x) = -13 + 11 + x + 6 + 3. Calculate c(-8).
-1
Let z(i) = -2*i**2 + 4*i + 1. Suppose 4 = -5*k - 4*m - 7, 4*m - 4 = 0. Let u(j) = j - 1. Let x(b) = b - 8. Let y(s) = 2*u(s) - x(s). Let w be y(k). Give z(w).
-5
Let a(q) = 6*q - 1. Suppose 5*g + 4*u - 4 = 0, -g + 2 = -3*g + 2*u. Suppose -m - 2 - 2 = g. Let d be (-1)/(-2) + (-6)/m. What is a(d)?
11
Let i(n) be the third derivative of n**4/12 + n**3/3 - n**2. Suppose h = -5*c - 66, 3*h - 15 = -4*c - 70. Let q = -11 - c. Calculate i(q).
6
Let h(u) = -u**3 + 9. Let a(l) = 3*l**2 + 20*l - 7. Let t be a(-7). Determine h(t).
9
Let m be 1*(-7 - -13) + -1. Let v(g) be the third derivative of 0 + 1/24*g**4 - 6*g**2 + 1/3*g**3 - 1/120*g**6 - 1/60*g**m + 0*g. What is v(0)?
2
Let m(a) be the first derivative of -a**4/4 + 2*a**3/3 + 2*a + 302. What is m(3)?
-7
Let t be (0 - (-28)/(-6))*-15. Let l = t - 64. Let u(j) = j**2 - 6*j + 7. Give u(l).
7
Let b(y) be the third derivative of -y**4/12 + 3*y**3/2 + 24*y**2. Determine b(6).
-3
Let d(i) = 15 - 15 + 6*i**3 - i. Let k = -44 + 92. Let f = -49 + k. Determine d(f).
-5
Suppose -2*z = -4*j - 12, -2*z - 2*j + 6 = -0. Let p(n) = -4*n + 3. Let r(c) = -7*c + 5. Let v(h) = -5*p(h) + 3*r(h). Give v(z).
-4
Let w(s) = s**3 - 9*s**2. Suppose y - 1 = -2*a, -a + 1 = 2*y + 8. Suppose -a*p + 16 = 2*m, 7 = 2*p + 2*m - 7. Suppose -18 = -0*q - p*q. What is w(q)?
0
Let d(t) = -6*t**2 - t - 1. Let f be d(-1). Let o(g) = -74 + 7*g + 23 + 22 + g**2 + 36. Determine o(f).
1
Let x(b) = -17*b - 7. Let p(v) = -8*v - 3. Let l(u) = -5*p(u) + 2*x(u). Let c be (-1)/(-3)*(1 - -2). What is l(c)?
7
Let y(x) = 64*x**3 - 7*x**2 + 2*x + 5. Let f(s) = -32*s**3 + 3*s**2 - s - 2. Let l(d) = 5*f(d) + 2*y(d). Determine l(1).
-32
Suppose -2*q - v = -5*q + 10, -5*q + v = -14. Let i(s) = -1 + 8*s + 76*s**q - 75*s**2 + 7. Suppose 2*d = 3*k - k - 4, 0 = 4*d - 3*k + 12. Give i(d).
-6
Suppose -3*r - d = -9 - 1, -2*r = 2*d - 8. Suppose -2*n + 8 = -r*q, 0 = -3*n + 4*q - 1 + 11. Let m(y) = -y + 2. Determine m(n).
4
Let w(m) = m - 5. Let n = -8 - -14. Let x(a) = -a + 4*a**2 - 6*a**2 + 7*a + a**2. Let q be x(n). Calculate w(q).
-5
Suppose -16*d + 12 = -13*d. Let p(v) = -1 + 0 - 2*v + d*v + 12*v. Give p(-1).
-15
Let b(o) = o**3 - 6*o**2 + 1. Let l = 193 - 187. What is b(l)?
1
Let a be (-1)/(5/(-2)*4/20). Let t(r) = -r - a + 0 + r - r. What is t(-3)?
1
Let j(v) = 2*v + 7. Let x(c) = 5*c + 14. Let q(k) = -9*j(k) + 4*x(k). Let y be q(5). Let u(t) = 3*t**2 + y - 4*t - 2*t**2 + 0*t**2 + 2. Calculate u(4).
5
Let z(k) = 9*k**3 + 7*k**2 - 5*k + 4. Let c(u) = -11*u**3 - 7*u**2 + 5*u - 4. Let j(d) = -5*c(d) - 6*z(d). Give j(5).
-29
Let x(h) = -5 - 103*h + 26*h + 37*h + 3 + 9*h. Calculate x(-1).
29
Suppose d - 31 = 3*i - 0*d, -4*i - 4*d = 20. Let q(s) be the third derivative of -s**5/60 - 3*s**4/8 - 4*s**3/3 - s**2. Calculate q(i).
-8
Let w(d) be the second derivative of -d**3/2 + d**2 + 23*d + 9. Let f be (-22)/4 - (-1)/2. Determine w(f).
17
Suppose -3*i - 8 = 1. Let m(b) = 10*b + 24. Let q be m(-3). Let x(f) = 6*f - 4. Let o(c) = -7*c + 5. Let d(t) = q*x(t) - 5*o(t). Give d(i).
2
Let g(h) = h**3 + 7*h**2 - 5*h - 9. Let m be (-6)/33 + 4/66*-129. What is g(m)?
-33
Let n(q) = 3*q + 1. Let b be 52/78 + 2/6. Calculate n(b).
4
Let m(k) = -k**2 - 7*k - 10. Let b(j) = 21*j - 90. Let q be b(4). Give m(q).
-4
Let a(z) = -66*z + 24*z - z**2 + 35*z. Suppose 4*j = -41 + 13. Give a(j).
0
Let y(v) = -9*v - 1. Suppose -2*m - 26*m = 84. Determine y(m).
26
Let q be -2*3*(-4)/6. Suppose -8*g + 4 = -q*g. Let j(k) = k - g - 1 - 3 + 3. Determine j(3).
1
Let i(r) = -r + 2. Let q = -2 + 2. Suppose 3*z = q, 0 = 4*c - 3*z + 17 - 73. Let l = c - 14. Give i(l).
2
Let l(f) = -4*f. Suppose 7*o = -0*o + 42. Suppose -10 = o*n + 4*n. Determine l(n).
4
Let j(q) = -q**3 - 14*q**2 + 2*q + 34. Let v be -2 + -1 + 0 - (-22)/(-2). Give j(v).
6
Let z(p) = -77 + 21 + 3*p + 25 + 21. Give z(-6).
-28
Let w = -1 - -1. Let i = -3 - w. Let k(r) = 6*r + 3 + 0*r + 8*r - 13*r. Calculate k(i).
0
Let v(g) = -6*g - 1 + 43*g**2 - 44*g**2 + 4*g + g**3 - 5*g**3. What is v(-1)?
4
Let a(i) = -i + 1. Let b be a(0). Let c(y) be the first derivative of -y**3/3 + y**2/2 - y + 5. What is c(b)?
-1
Let o(i) = 35*i - 13. Let d(u) = -41*u + 15. Let p(s) = 6*d(s) + 7*o(s). What is p(-6)?
5
Let c(h) = -h - 9. Let m(q) = -q + 1. Let i be m(5). Determine c(i).
-5
Let i(k) be the second derivative of -k**4/12 + 4*k**3/3 + 3*k**2/2 - 10*k - 4. What is i(7)?
10
Let k(u) = -u + 14. Let s be k(11). Let n(j) = s - 3 - 5*j - 1. Calculate n(1).
-6
Let m(x) = x**2 - 5*x + 3. Suppose 0 = 2*d + 20 + 86. Let b = -50 - d. Determine m(b).
-3
Suppose 0 = 3*s - 5*c - 39, -3*s + 6 = 3*c - 9. Let a(h) = h**2 - 9*h. What is a(s)?
-8
Let j(g) = 2*g + 2. Suppose 0 = -2*s - 5*n, -2*n - 11 = -2*s + 3. Suppose l = -s*k - 4*l - 10, -5 = -l. Let o = k + 5. Determine j(o).
-2
Let y = -470 - -465. Let f(x) = x**2 + x - 4. What is f(y)?
16
Let m = 421 - 422. Let a(f) = 5*f + 4. Let g(v) = 10*v + 9. Let r(z) = 7*a(z) - 3*g(z). Determine r(m).
-4
Let k = -35 - -59. Let s be 6/k - 58/8. Let m(d) be the third derivative of d**5/60 + 3*d**4/8 + 7*d**3/6 - 79*d**2. Give m(s).
-7
Let s = -254 + 258. Let t(f) be the second derivative of 1/12*f**4 + 5/2*f**2 + f - 1/3*f**3 + 0. What is t(s)?
13
Let z(k) be the second derivative of k**4/12 - k**3/2 - 5*k**2/2 + 10*k. Suppose -16 = -5*w + 9. Calculate z(w).
5
Let w(c) = -c**3 + 6*c**2 - 5*c + 2. Let f be (-9)/(9/14) - -3. Let b = f + 15. Suppose 5*i = 4*i + b. Determine w(i).
14
Let v = -391 - -400. Let h(l) = 2*l - 2. Give h(v).
16
Let q(l) = 6*l**3 + 2*l**2 + 3*l + 2. Let o be (154 + -155)*-1*(-2 - -1). Give q(o).
-5
Let k(l) be the first derivative of -l**4/12 + l**3/2 + 3*l**2 - 5*l + 22. Let v(r) be the first derivative of k(r). Calculate v(5).
-4
Let r(w) = -7*w + 12*w - 18 + 19. What is r(5)?
26
Let s(t) be the first derivative of 1/3*t**3 + 15*t + 1/2*t**2 + 12. What is s(0)?
15
Let z(m) = -662 + 219 + 222 + m**2 + 227 - 10*m. Determine z(7).
-15
Let i(t) = -t**3 - 2*t**2 + 3. Let y(l) = l**3 - l**2 - l + 1. Let j(n) = -i(n) - 2*y(n). Suppose -336*d - 76 = -355*d. Give j(d).
3
Let y(a) = -2*a + 7*a + 5*a. Suppose 12 = -3*r + r. Let d = -7 - r. Determine y(d).
-10
Let c(l) = -2*l - 1. Let k be (0 + (-4)/(-3))*60/80. Give c(k).
-3
Let o(w) be the first derivative of w**4/4 + w**3/3 - 3*w**2/2 + 3*w + 7. Give o(-3).
-6
Let n(o) = -341 - 342 + 681 + 5*o - o**2. Determine n(4).
2
Let d(i) = -2*i - 1. Let l = 233 + -235. Give d(l).
3
Let u(t) = t**3 + 7211*t - 7212*t - 6*t**2 + 5 + 8*t**2. What is u(0)?
5
Let u(o) be the third derivative of -o**4/24 + 5*o**3/6 + 2*o**2 - 4*o. Give u(12).
-7
Let c(g) be the first derivative of -5*g**4/2 - g**3/3 + 3*g**2/2 + 2*g + 29. Determine c(-1).
8
Let w(r) = 4*r**2 - r + 1. Suppose i = 5*j + 8, j + i - 5 = -i. Determine w(j).
6
Suppose 3*u = 2*u - 17. Let a = 8 + u. Let q = -7 - a. Let j(n) = -2*n**3 + n**2 + 3*n - 2. Give j(q).
-8
Suppose -10*a = -6*a + 32. Let r be a + (-3)/(4/(-4)) + 0. Let f(n) = 0 + n + 0 - 3. Determine f(r).
-8
Suppose -8 = -4*a + 4*t + 16, -4*t = 4*a - 16. Suppose 5*p - a*z = 45, 2*p - 32 = -2*p + 2*z. Let b(l) = -p + 0 - l + 6. What is b(-5)?
4
Let c(q) = -q**3 + 4*q**2 + 2*q - 2. Let d(t) = t**3 + 9*t - 2*t**2 - 6*t**2 - 10 + 0*t**2. Let m(n) = 2*n - 1. Let h be m(4). Let f be d(h). Determine c(f).
6
Let q(k) = 4*k**2 + 2*k - 2. Let j = -568 + 570. Calculate q(j).
18
Let n(r) = -212*r**3 - 54*r**2 + 20. Let i(q) = -71*q**3 - 19*q**2 + 7. Let z(x) = 17*i(x) - 6*n(x). What is z(-1)?
-65
Let q(d) = d - 34. Let j(y) = 52*y - 156. Let n be j(3). What is q(n)?
-34
Suppose 188*v + 50 = 198*v. Let z(t) be the first derivative of -1/4*t**4 + v*t - 1 + 5/3*t**3 + 0*t**2. Determine z(5).
5
Suppose 4 = r + 4*g - 3, 2*g = -r + 5. Suppose -v + 4 = -